-186) - 1237/o?
2
What is the hundreds digit of (3 - 33/9)*1785/(-10)?
1
Let m = -107 - -234. What is the tens digit of m?
2
What is the units digit of ((-458)/(-10) - 1)/(8/340)?
4
Let a = 22 - 18. Suppose -3*o + 5*g = -317, 0 = a*o - 4*g - 203 - 217. What is the units digit of o?
4
Suppose 0 = -17*o - 6*o + 64906. What is the units digit of o?
2
Let f = -1039 - -1109. What is the units digit of f?
0
Let u = 914 - 264. What is the tens digit of u?
5
Suppose 3*g - 5950 = -5*x + 13405, 4*x - 19351 = -3*g. What is the tens digit of g?
4
Suppose 1043 = 2*x - 687. What is the units digit of x?
5
Suppose 4*c - 145 - 1 = 5*f, -110 = -3*c + 4*f. What is the units digit of c?
4
Let r be (-3)/(-12) + (-5)/4 + 1. Suppose 3*d + 2*n + r*n - 22 = 0, 2*d = -3*n + 13. What is the units digit of d?
8
Suppose -2*f + 4*m + m + 18 = 0, 2*f = -3*m + 2. What is the tens digit of (-4 - (-38)/f)*10?
5
Let y(j) be the second derivative of j**2 + 7*j + 5/6*j**3 + 1/4*j**4 + 0. What is the tens digit of y(-4)?
3
Let s = 38 + -69. Let f = s + 43. What is the tens digit of f?
1
Suppose 2*v - 2*h - 2*h = 324, 5*v - h - 792 = 0. Let f = 268 - v. What is the hundreds digit of f?
1
Let t be 1 - ((-2)/9 - 28/36). Suppose 7*r - 3*r - t*f = 410, 0 = 5*r + 2*f - 517. What is the units digit of r?
3
Suppose 2*v = -120 - 34. Let c = -46 - v. What is the tens digit of c?
3
Suppose 0 = -0*o + 3*o + 24. Let n(h) = 7*h**2 + 13*h + 2. Let v(r) = 3*r**2 + 6*r + 1. Let i(y) = -2*n(y) + 5*v(y). What is the units digit of i(o)?
3
Let t(z) = z**3 + 16*z**2 - 22*z - 9. What is the units digit of t(-17)?
6
Let f(d) = 149*d + 67. What is the hundreds digit of f(6)?
9
What is the units digit of (-8)/(-16)*(-584)/(-4)?
3
Let q = 83 + -80. Let m = q + 17. What is the tens digit of m?
2
What is the units digit of (33 - -33)/((-9)/(-12))?
8
Let b = -112 + 150. What is the tens digit of b?
3
Let k(b) = -3*b - 15. Let v be k(-5). Suppose 4*t = 5*o, v = 6*o - 2*o + 3*t. What is the units digit of 2/(o/2 + 2)?
1
What is the hundreds digit of -11*(-134)/2 + 2?
7
Suppose 5*a + 5*z = 6200, 14*a + 1252 = 15*a - 5*z. Suppose -w + 7*w - a = 0. What is the units digit of w?
7
Let b be 888/(-15) + -1*(-5)/25. Let d = 88 - b. What is the tens digit of d?
4
Let o(q) = q**2 + 41. Let b be o(0). Suppose 5*m - 6*m + b = 0. What is the tens digit of m?
4
Let x be ((-42)/(-8))/7*4. Let m(d) = 5*d**2 - 5*d + 2. Let n be m(x). Suppose 4*z = -16, -3*l + 5*z = -l - n. What is the units digit of l?
6
Let k be (-6)/39 - 1544/104. What is the tens digit of (k/30)/(2/(-184))?
4
Suppose -15*d = -62*d + 84600. What is the hundreds digit of d?
8
Suppose 0 = -21*f + 23*f - 256. What is the tens digit of f?
2
Let v(p) = 2*p**2 - 7*p - 2. Let o be v(7). Let d = o - -54. What is the tens digit of d?
0
Let o = -1220 + 1820. What is the units digit of o?
0
Suppose -2*o = 2*o + 20, -2*b + 218 = -2*o. Let i = 73 - b. What is the units digit of (-3)/(-12) - i/4?
8
Suppose s - 4 - 4 = 0. Suppose c = -s*c + 207. What is the tens digit of c?
2
Let o = -3 + 43. What is the tens digit of o?
4
Let d be -5*((-27)/15)/3. Suppose -d*h = 5*h - 672. What is the units digit of h?
4
Suppose -3*b - 900 = -6*b. What is the tens digit of -2*(-1)/(8/b)?
7
Suppose 5*g + n - 21 = 0, -5*n - 3 - 2 = 3*g. Suppose 5*h - 23 + 215 = 3*x, g*x - 310 = 5*h. What is the units digit of x?
9
Suppose 0*s = 4*s - 28. Let l(t) = -t**3 + 7*t**2 + 2*t - 7. Let y be l(s). Let f = y - -24. What is the tens digit of f?
3
Let k = -9 - -9. Let q(u) = 22 - u + 2*u**2 + 0*u - 3*u**2 + 0*u. What is the tens digit of q(k)?
2
Suppose -5*v = -3*s - 2235, 1355 = 3*v + 7*s - 6*s. What is the tens digit of v?
5
Suppose -5*h = u - 0*h + 658, 2*u = -4*h - 1310. Let i = -366 - u. What is the hundreds digit of i?
2
Suppose 11*d - 5980 = d. What is the tens digit of d?
9
Let t be (-1)/(((42/20)/7)/(-3)). What is the units digit of 2864/22 - t/55 - -3?
3
Let k(z) = 2*z + 16. Let y be ((-7)/2)/(10/20). What is the units digit of k(y)?
2
Suppose 3*n + 2*n - 1900 = 0. Suppose 4*u + n = 2*f + 2*f, 0 = 4*u - 4. What is the units digit of f?
6
Suppose k + 1876 = 5*d, -d - 5*k + 329 = -67. What is the tens digit of d?
7
Suppose -9 = q - 65. Let i = 14 + q. What is the tens digit of i?
7
Let z = -275 + 397. Suppose 5*g - 608 - z = 0. What is the units digit of g?
6
Let s(u) = u**3 - 19*u**2 - 64*u + 51. What is the hundreds digit of s(24)?
3
Let x be (8 + -4)/8*-130. Let u = -29 - x. What is the units digit of u?
6
Let y(b) = 3*b**3 - 5*b**2 - b. Let o be y(5). Suppose -3*f = -2*h - 10, 0 = -f + 2*h + 2*h. Suppose f*j - o = -3*j. What is the tens digit of j?
3
Let o be (3/1 + -3)/(-2). Suppose -3*a = 4*v - 119, o*v + 4*v - 74 = -2*a. What is the units digit of (a/(-6))/((-1)/2)?
5
Let g = 420 - -154. What is the units digit of g?
4
Let a(o) = 8*o + 31. Let k(r) = 8*r + 31. Let x(l) = 3*a(l) - 2*k(l). What is the hundreds digit of x(18)?
1
Let r be 1022/5 + (-20)/50. Suppose 76 + r = 4*j. What is the units digit of j?
0
Suppose 3 = 3*m, -2*j - 4 = -3*j - 3*m. Suppose 2*l - 5 + j = 0. Suppose 4*z + r + 4*r = 42, -5*r = -l*z + 36. What is the units digit of z?
3
Let s(x) = x**3 + 7*x**2 + 5*x - 2. Let i be s(-6). Suppose -p - 2*v = p - 130, i*v = -3*p + 200. What is the units digit of p?
0
Let c = 2 + 2. Suppose 0*o - 201 = -2*o + 3*p, -o = 4*p - 128. Suppose -2*x + 54 = b, 4*x + 0*x + c*b = o. What is the units digit of x?
7
Let k be (1 + (-6)/2)*(-10)/4. What is the units digit of 130 - 3 - (-3 + k)?
5
Suppose -t - 4 = -4*x - 20, 3*t - 9 = -x. What is the hundreds digit of (-2*x/8)/(7/2492)?
2
Suppose -9*i + 15*i = 1890. Suppose -5*z + i = 5*o, -3*z - 227 + 86 = -2*o. What is the units digit of o?
6
Let b be (4 - 0) + -2 + -18. Let s = b + 63. Suppose 3*j - s = -3*r + 4*j, -2*r - j = -28. What is the units digit of r?
5
Let c = 4 - 4. Suppose c = 8*w + 368 - 1216. What is the hundreds digit of w?
1
Let o(k) = 2*k - 5. Let q be o(2). What is the units digit of (0 - q)/((-2)/(-6))?
3
Let y(d) = -d**3 + 4*d**2 - 9*d + 20. Let w be y(3). Let p(l) = -l**3 + 4*l**2 - 4*l + 2. Let u be p(2). What is the units digit of u - (w - (-3 - -39))?
6
Let q = -2 - -501. What is the tens digit of q?
9
Let d be 168/3 + (-1 - -3). Suppose -2*a + d + 32 = 0. Suppose -a = -p - 2*p. What is the tens digit of p?
1
Let h be (-4)/(-8)*(1 - 1). Suppose h = 5*r - 15 - 45. What is the units digit of (-188)/r*1*-3?
7
Let l(c) = -4*c + 10. Let i(j) = -j + 2. Let a(q) = -14*i(q) + 3*l(q). Let n be a(7). Suppose -u - n = -3*u. What is the units digit of u?
8
Let c(r) = -26*r + 4. Let g be c(-4). Suppose g = 4*n - 2*n. What is the units digit of n?
4
Let b(o) = -2*o - 5. Let w be b(-4). Suppose -k = -3*j + 13, 0 = -3*j - 2*j + w*k + 15. Let s = 4 + j. What is the units digit of s?
0
Let m = 316 + 50. What is the hundreds digit of m?
3
Suppose 34*d - 13960 = 24*d. What is the hundreds digit of d?
3
Suppose 3*c - 360 = -3. What is the units digit of c?
9
Let r(g) = g + 2. Let z be (4 - 1) + 1 + -4. Let t be r(z). Suppose 4*n - 112 = 4*w, -3*n + 4*n - 25 = t*w. What is the tens digit of n?
3
Suppose 0 = -2*w + 4*o + 562, -w + 5*w - 1112 = 2*o. What is the tens digit of w?
7
Suppose -2*p - 4*i + 30 = 0, 0 = 5*i - 17 - 3. Let m be -7 + p + -4*1. Let b(g) = -g**3 - 3*g**2 - 2*g - 1. What is the units digit of b(m)?
3
Let h be (-1536)/(-160) + 4/10. Let x(n) = -n**3 + 13*n**2 - 2*n - 1. What is the tens digit of x(h)?
7
Let h(w) = 3*w**3 + w**2 + 4. Let m(u) = 2*u**3 + 2*u**2 + 3. Let l(f) = -3*h(f) + 4*m(f). What is the units digit of l(4)?
6
Let n(h) = h + 3. Let f be n(-1). What is the tens digit of f - (3 - (1 - 2)) - -71?
6
Suppose 0 = 4*d - 2*g - 20, -2*d + 3*d - 4*g + 2 = 0. Suppose d*b - 2*b + 5*r - 27 = 0, -b = r - 6. Suppose -b*u + 6*u - 228 = 0. What is the tens digit of u?
7
Let f(m) = 34*m + 10. Suppose -3*h - 3*p = 0, 3*h + 2*p - 10 = p. What is the units digit of f(h)?
0
Let a = -44 + 39. Let o(w) = -w**3 - 6*w**2 - 6*w + 7. Let t be o(a). Let s = 59 - t. What is the units digit of s?
7
Suppose j = 28 + 14. Suppose 4*n - j = 126. What is the tens digit of n?
4
Let h(i) be the third derivative of i**5/60 - 7*i**4/24 - i**3 - i**2. Let v be h(8). What is the tens digit of (v - (3 + -2)) + 29?
3
Let b be 2 + (6*-1 - 0). Let